399.
13, 397, 344959
What are the prime factors of 59563543?
13, 113, 3119
What are the prime factors of 167501085?
3, 5, 17, 251, 2617
List the prime factors of 374726538.
2, 3, 61, 341281
List the prime factors of 134501010.
2, 3, 5, 7, 23, 27847
List the prime factors of 281171836.
2, 11, 617, 10357
List the prime factors of 3977775274.
2, 11, 180807967
What are the prime factors of 87658988?
2, 2903, 7549
List the prime factors of 1181821299.
3, 19, 89, 232963
What are the prime factors of 38503319?
5581, 6899
List the prime factors of 2462300541.
3, 13229, 20681
What are the prime factors of 322066910?
2, 5, 11, 19, 14009
What are the prime factors of 202885214?
2, 7, 14491801
List the prime factors of 595910558.
2, 297955279
List the prime factors of 6642314820.
2, 3, 5, 31, 419, 947
List the prime factors of 1669413572.
2, 107, 3900499
List the prime factors of 151270376.
2, 18908797
What are the prime factors of 79488838?
2, 11, 13, 17, 16349
What are the prime factors of 42229293?
3, 14076431
What are the prime factors of 944084369?
19, 5209, 9539
List the prime factors of 392300623.
11, 13, 1259, 2179
What are the prime factors of 634790659?
17, 41, 910747
List the prime factors of 82548624.
2, 3, 1719763
List the prime factors of 1991687953.
71, 28051943
What are the prime factors of 88873517?
2707, 32831
What are the prime factors of 315350072?
2, 47, 73, 11489
What are the prime factors of 33128485?
5, 13, 67, 7607
What are the prime factors of 22001729?
22001729
What are the prime factors of 106456056?
2, 3, 7, 633667
List the prime factors of 1799207167.
1799207167
List the prime factors of 151372803.
3, 431, 117071
What are the prime factors of 156794804?
2, 107, 366343
What are the prime factors of 138779137?
7, 41, 483551
What are the prime factors of 429088330?
2, 5, 11, 17, 229459
List the prime factors of 26107141.
2887, 9043
What are the prime factors of 295705359?
3, 223, 251, 587
What are the prime factors of 127224080?
2, 5, 347, 4583
What are the prime factors of 3825429795?
3, 5, 11, 2576047
List the prime factors of 666709220.
2, 5, 33335461
What are the prime factors of 78493431?
3, 47, 556691
List the prime factors of 1879397534.
2, 7, 103, 1303327
What are the prime factors of 73400311?
73400311
List the prime factors of 35704854.
2, 3, 661201
What are the prime factors of 67534934?
2, 33767467
List the prime factors of 62759998.
2, 7, 73, 61409
List the prime factors of 1463327515.
5, 13, 41, 549091
What are the prime factors of 44169535?
5, 263, 33589
What are the prime factors of 419092297?
13, 32237869
List the prime factors of 62005676.
2, 139, 111521
List the prime factors of 5579366585.
5, 13, 8059, 10651
What are the prime factors of 21723037?
7, 439, 7069
What are the prime factors of 3938158?
2, 7, 281297
What are the prime factors of 1491493298?
2, 67, 79, 140893
List the prime factors of 74198669.
74198669
List the prime factors of 513274145.
5, 2531, 40559
What are the prime factors of 33877527?
3, 109, 211, 491
List the prime factors of 24043786.
2, 13, 23, 31, 1297
List the prime factors of 142863471.
3, 15873719
What are the prime factors of 33286982?
2, 229, 72679
What are the prime factors of 3407364004?
2, 11, 673, 115067
List the prime factors of 2438244094.
2, 11, 13, 8525329
What are the prime factors of 147814864?
2, 17, 67, 8111
List the prime factors of 1406059189.
10399, 135211
List the prime factors of 175370567.
5849, 29983
What are the prime factors of 1188967528?
2, 7, 41, 59, 67, 131
What are the prime factors of 211026024?
2, 3, 11, 266447
List the prime factors of 969036086.
2, 337, 1437739
List the prime factors of 519913648.
2, 31, 1048213
List the prime factors of 56405326.
2, 28202663
List the prime factors of 43929252.
2, 3, 1220257
What are the prime factors of 6204599?
43, 313, 461
What are the prime factors of 406899437?
7, 17, 521, 6563
What are the prime factors of 113237163?
3, 13, 322613
What are the prime factors of 302143836?
2, 3, 25178653
What are the prime factors of 67152535?
5, 13430507
List the prime factors of 233328763.
233, 1001411
What are the prime factors of 2123380070?
2, 5, 7, 17, 1784353
What are the prime factors of 5397413356?
2, 283, 4768033
List the prime factors of 124700736.
2, 3, 649483
List the prime factors of 29117419.
349, 83431
List the prime factors of 13114475.
5, 11, 103, 463
What are the prime factors of 97710100?
2, 5, 409, 2389
List the prime factors of 36037284.
2, 3, 173, 17359
List the prime factors of 1375234923.
3, 79, 181, 32059
What are the prime factors of 31118428?
2, 11, 19, 37223
List the prime factors of 52282744.
2, 6535343
What are the prime factors of 72223022?
2, 36111511
What are the prime factors of 5219936?
2, 157, 1039
What are the prime factors of 1564246260?
2, 3, 5, 43, 202099
List the prime factors of 73870856.
2, 1249, 7393
What are the prime factors of 166882920?
2, 3, 5, 31, 113, 397
What are the prime factors of 4509203865?
3, 5, 439, 684769
What are the prime factors of 831143586?
2, 3, 7, 13, 217463
List the prime factors of 81710018.
2, 13, 3142693
What are the prime factors of 65916746?
2, 7, 4708339
List the prime factors of 8394927.
3, 73, 38333
List the prime factors of 2358873544.
2, 53, 5563381
List the prime factors of 38540375.
5, 308323
List the prime factors of 917255279.
163, 709, 7937
List the prime factors of 3586461045.
3, 5, 773, 309311
List the prime factors of 509715113.
31, 16442423
List the prime factors of 5612361.
3, 1870787
List the prime factors of 667238534.
2, 333619267
List the prime factors of 3740003480.
2, 5, 283, 330389
List the prime factors of 93397797.
3, 10377533
What are the prime factors of 217563521?
7, 31080503
What are the prime factors of 92735251?
7, 13247893
List the prime factors of 801276318.
2, 3, 241, 184711
What are the prime factors of 119123894?
2, 59561947
List the prime factors of 16621043.
16621043
What are the prime factors of 5708177?
1279, 4463
List the prime factors of 674783126.
2, 5749, 58687
What are the prime factors of 7393544?
2, 467, 1979
List the prime factors of 7074892586.
2, 1259, 2809727
What are the prime factors of 1050139235?
5, 13121, 16007
What are the prime factors of 4903158355?
5, 980631671
List the prime factors of 1108711073.
389, 2850157
List the prime factors of 664464695.
5, 31, 379, 11311
What are the prime factors of 35179096?
2, 109, 40343
List the prime factors of 44797961.
13, 857, 4021
List the prime factors of 569918256.
2, 3, 11873297
What are the prime factors of 92342450?
2, 5, 1846849
What are the prime factors of 78042772?
2, 23, 113, 7507
What are the prime factors of 53791527?
3, 19, 49669
List the prime factors of 235557874.
2, 41, 233, 12329
What are the prime factors of 1661357862?
2, 3, 67, 1377577
List the prime factors of 79696551.
3, 11, 59, 40933
List the prime factors of 1396419384.
2, 3, 281, 207061
List the prime factors of 973752992.
2, 59, 317, 1627
List the prime factors of 582362243.
582362243
List the prime factors of 343423279.
343423279
What are the prime factors of 19462520?
2, 5, 7, 11, 71, 89
List the prime factors of 186785508.
2, 3, 7, 13, 171049
What are the prime factors of 8028536260?
2, 5, 19, 21127727
What are the prime factors of 339921435?
3, 5, 7, 3237347
List the prime factors of 189544589.
13, 19, 53, 14479
List the prime factors of 1027897976.
2, 7, 103, 178207
What are the prime factors of 61264159?
11, 1097, 5077
What are the prime factors of 6262722438?
2, 3, 7, 3043111
What are the prime factors of 42942120?
2, 3, 5, 13, 27527
List the prime factors of 2250149958.
2, 3, 7, 911, 19603
What are the prime factors of 2822275563?
3, 29, 967, 33547
What are the prime factors of 87742585?
5, 7, 23, 677
What are the prime factors of 3627130080?
2, 3, 5, 7, 1079503
List the prime factors of 4225103223.
3, 11, 37, 3460363
List the prime factors of 38745356.
2, 13, 745103
What are the prime factors of 172341275?
5, 6893651
List the prime factors of 8397674279.
23, 365116273
What are the prime factors of 65135588?
2, 7, 31, 75041
List the prime factors of 2247514522.
2, 11, 19, 282991
List the prime factors of 2319919550.
2, 5, 13, 3569107
What are the prime factors of 68624528?
2